et b be (2 + 11/2)*8. What is the greatest common factor of z and b?
15
Let s(r) = r**2 - 2*r - 6. Let w be s(5). Let l be 12 + 3*6/w. Calculate the greatest common factor of l and 21.
7
Suppose 4*k - 16 = -0*k. Suppose 4*o + w = k, -1 + 2 = o - 4*w. What is the highest common factor of o and 9?
1
Let i be (-9)/((-28)/8 + 2). What is the highest common factor of 3 and i?
3
Let b(n) = n - 5. Let a be b(12). Let k(v) = v**2 - 5*v - 9. Let c be k(a). What is the highest common divisor of c and 40?
5
Let p(r) be the first derivative of 5*r**4/4 + 2*r**3/3 - r - 1. Let h be p(1). Let y = -5 + h. Calculate the highest common factor of 9 and y.
1
Suppose -2*c + 12 = b, 2*c + b - 28 = -2*c. Let v = -4 + c. Let z be ((-2)/3)/(v/(-12)). What is the highest common factor of z and 22?
2
Let k = 137 - 69. What is the greatest common divisor of 170 and k?
34
Let b(d) be the third derivative of -d**5/60 + 5*d**4/12 + 5*d**3/3 - d**2. Let z be b(8). Calculate the greatest common factor of 65 and z.
13
Let r = -1 - -1. Let t be (r - 2)/((-6)/27). What is the greatest common factor of t and 6?
3
Let f(c) be the first derivative of -c**4/4 - 2*c**3/3 + 12*c + 6. Let d be f(0). What is the highest common divisor of 132 and d?
12
Let t(u) be the first derivative of -3/2*u**2 - 2 - 5*u. Let j be t(-5). Calculate the highest common divisor of j and 10.
10
Let z be 16/(-6)*15/(-20). What is the greatest common factor of 50 and z?
2
Let a(n) = -n**2 + 36*n - 20. Let d be a(10). Calculate the highest common factor of 40 and d.
40
Let t = 40 + -24. Calculate the greatest common factor of t and 4.
4
Let n(z) = -23*z**3 + z**2 - z - 1. Let r be n(-1). What is the greatest common divisor of 192 and r?
24
Suppose 3*t = 3*c - 192, 4*c = 3*t - 8*t + 283. Let u = c + -43. Calculate the highest common divisor of 3 and u.
3
Suppose 0 = t - 2*t + 80. Let c = 0 + 2. Let v be c/(-2*(-2)/64). Calculate the highest common factor of v and t.
16
Let f = -599 + 863. Calculate the highest common factor of 33 and f.
33
Let i = 25 - 13. Let b(x) = 0*x + x**2 - 12 + 6*x + 0 - 8*x. Let o be b(12). What is the highest common factor of i and o?
12
Suppose -23 = b - 2*b. What is the greatest common factor of 23 and b?
23
Suppose v = -2*o + 24, -3*o - 5*v + 17 + 19 = 0. Suppose 3 = i - 0*i. Suppose m - 3*m = i*f - 261, 4*f + 4 = 0. Calculate the greatest common factor of o and m.
12
Let b = 13 - 9. Let f be 11 - b/(8/6). Calculate the highest common divisor of 64 and f.
8
Let d(l) = 11*l - 5. Let q be d(7). Calculate the greatest common divisor of q and 18.
18
Let h(v) be the first derivative of 7/3*v**3 - 1/4*v**4 - 3 - 7*v + 4*v**2. Let t be h(6). What is the greatest common factor of 11 and t?
11
Suppose -k + 4*k + 2*o - 176 = 0, -12 = -3*o. What is the greatest common divisor of k and 7?
7
Suppose -5*j - 2 = -47. Let b(m) = -8*m + 1. Let r be b(-1). Calculate the highest common factor of j and r.
9
Let f = 40 - 20. Suppose 3*q - f = 2*q + y, -3*q = -4*y - 60. Calculate the highest common divisor of q and 5.
5
Suppose -l - p + 37 = 2, 4*p = 8. What is the highest common divisor of l and 66?
33
Suppose 9*p = 3*p + 378. What is the greatest common divisor of p and 7?
7
Let q(l) be the third derivative of 3*l**4/8 - l**3/2 + l**2. Let g be q(-8). Let t = g + 145. What is the greatest common divisor of t and 10?
10
Let x = -4 - -9. Suppose 0 = -3*v - x + 41. What is the greatest common divisor of v and 84?
12
Let q(b) be the second derivative of b**4/6 + b**3/3 + 2*b**2 - 6*b. Let n be q(3). What is the highest common factor of n and 42?
14
Suppose 0 = 2*u - 6 - 0. Suppose -28 - 29 = u*k. Let x = -13 - k. Calculate the greatest common divisor of x and 66.
6
Let k(w) = w**3 + 10*w**2 - 2*w - 2. Let h be k(-10). Calculate the greatest common factor of 144 and h.
18
Let z be -5 + 153 - (-1*4 + 2). Calculate the greatest common divisor of 100 and z.
50
Let k(h) = h**3 - 4*h**2 - 6*h - 8. Let q be k(6). What is the greatest common divisor of 42 and q?
14
Suppose 39 = x - 1. Calculate the greatest common divisor of x and 20.
20
Let l be (-24)/(8 + -2) + 19. Suppose 3*m = -4*t - 4 + 30, 14 = 2*m + t. Let y(s) = 3*s**2 - 3. Let u be y(m). Calculate the greatest common factor of u and l.
15
Suppose -4*u + 84 = -u. Let z(c) = 2 - 22*c**2 + 23*c**2 + 0*c - 4*c. Let g be z(5). What is the greatest common divisor of u and g?
7
Suppose 0 = -0*q + 3*q - 12. Let l be (-5 + 1)*(-2)/q. Suppose l*n - 285 = -n. What is the greatest common divisor of n and 19?
19
Let o = -13 + 23. Let f be 6/o + 588/20. Calculate the highest common divisor of 45 and f.
15
Let u be 11 - 1 - 0/1. Let i be 0/(-1 + 4 + -2). Suppose 5*n - 2*f - 56 = i, -n - 3*n = -2*f - 46. What is the highest common divisor of n and u?
10
Suppose 4*z = 3*r - 22, -r - z - 10 = 2*z. Suppose 0 = -2*i - r*w - 6 + 46, w = -2*i + 38. What is the greatest common factor of i and 12?
6
Suppose 0 = 2*w - 24. Suppose b - 24 = -3*b. What is the highest common divisor of w and b?
6
Let c(s) = -s - 3. Let j be c(-6). Let g = -4 - -5. What is the greatest common factor of g and j?
1
Let n = -36 + 52. Calculate the greatest common factor of 144 and n.
16
Let u = 533 - 150. Suppose 4*m + 4*z = 332, 5*m + z - 20 - u = 0. What is the highest common divisor of m and 10?
10
Suppose 2*c + 3*w = 87, 4*c - 6*c + 5*w = -63. Suppose y = -3*s + 15, 5*s - c = -5*y + 26. Calculate the greatest common divisor of 3 and y.
3
Let n be -6*6/(-9) - -20. What is the highest common divisor of n and 168?
24
Suppose 9*w - 6*w = -114. Let g = w - -78. Calculate the highest common factor of g and 5.
5
Suppose -2*h - k = 2*k - 33, 5*k - 63 = -4*h. Calculate the highest common divisor of h and 84.
12
Let o = 158 + -113. What is the greatest common factor of 15 and o?
15
Let q = -108 - -168. What is the greatest common divisor of 6 and q?
6
Let g(r) = 303*r**2 - r - 1. Let i be g(-1). Suppose 4*y - i = 17. Calculate the highest common factor of 32 and y.
16
Let y(k) = -4*k**3 - k**2 + 5*k + 4. Let p(z) = -z - 14. Let d be p(-11). Let c be y(d). What is the greatest common divisor of 22 and c?
22
Suppose 4*z - 453 = c - 6*c, 3*z - 331 = 5*c. Calculate the greatest common factor of 14 and z.
14
Let y = -25 + 30. Calculate the greatest common factor of 25 and y.
5
Let z(w) = w**2 - 7*w + 1. Let n be z(7). Let o be (-22)/(n - 3) + -2. Calculate the greatest common divisor of 3 and o.
3
Let a(k) = 3*k - 12. Let s be a(5). Let u(v) = -3*v - 3. Let o = 8 - 12. Let f be u(o). What is the highest common divisor of f and s?
3
Suppose 4*w - 89 - 7 = 0. Calculate the highest common factor of 60 and w.
12
Let h be 5 - 3/((-3)/(-2)). Let k(d) = 2*d**2 + 5 + d - h*d**2 - 5 + 2 - 3*d**3. Let g be k(-2). What is the highest common factor of g and 4?
4
Let x = 52 - 119. Let m = -13 - x. Suppose 4*z - 40 + 16 = 0. Calculate the highest common factor of z and m.
6
Let s(m) = m**3 - 3*m**2 - 5*m. Let t be s(4). Let r be (t/(-8))/(2/20). Suppose r*b - 75 = 75. What is the greatest common factor of b and 15?
15
Let l be (4/8)/((-2)/(-12)). Suppose -5*p + 30 = -l*p + a, 0 = -4*p + 2*a + 44. What is the greatest common factor of p and 104?
13
Let m = -14 - -16. Let s(k) = k**2 - 4*k + 6. Let h be s(4). What is the highest common divisor of h and m?
2
Let t(u) = -u**2 + 7*u - 2. Let a be t(5). Suppose -4*w + a*w = 40. Calculate the highest common divisor of 70 and w.
10
Suppose p = q - 5*q - 4, -2*p = 5*q + 2. Let f(s) = -1 + 1 - 2 - 6*s. Let v be f(q). What is the greatest common factor of 30 and v?
10
Let y(d) = d**2 - 4*d - 6. Let n be y(5). Let k be (-2)/n + (0 - 2). Let h be -4*(k + (2 - 3)). Calculate the highest common factor of 1 and h.
1
Suppose -7 - 31 = t. Let a = t - -19. Let s = -7 - a. Calculate the highest common divisor of s and 12.
12
Let j = 28 + -12. Suppose -5*c + 29 = -j. Calculate the greatest common factor of 54 and c.
9
Let w = -37 + 53. Let b(x) = -3*x**3 - 2*x**2 - 1. Let j be b(2). Let t be j/(-4) - (-2)/(-8). Calculate the greatest common factor of w and t.
8
Let q(i) = 26*i**2 + i + 2. Let n be q(2). Let d be (-4 + (-8)/(-2))/2. Suppose d = x + 4, 5*f - 36 = 3*f + 3*x. What is the highest common factor of n and f?
12
Suppose o + 2*q - 11 = 0, 5*o - 48 = 5*q + 7. Calculate the greatest comm